Calculate the highest common divisor of 1300 and 300.
100
Calculate the greatest common factor of 11130 and 6.
6
What is the greatest common divisor of 352 and 3454?
22
Calculate the greatest common divisor of 17 and 272.
17
Calculate the highest common divisor of 11711 and 49.
49
What is the greatest common divisor of 275 and 495?
55
Calculate the highest common factor of 4 and 534.
2
What is the highest common factor of 8 and 2792?
8
Calculate the highest common factor of 84 and 15932.
28
Calculate the highest common divisor of 54 and 27.
27
Calculate the greatest common divisor of 305 and 135.
5
Calculate the highest common divisor of 35 and 2485.
35
Calculate the greatest common factor of 46795 and 245.
245
Calculate the highest common divisor of 74 and 1110.
74
What is the highest common factor of 270 and 20?
10
Calculate the highest common factor of 32201 and 13.
13
Calculate the greatest common divisor of 11 and 311.
1
Calculate the greatest common factor of 95 and 760.
95
Calculate the highest common factor of 54 and 846.
18
What is the highest common factor of 27 and 9819?
9
What is the greatest common factor of 108 and 1134?
54
Calculate the highest common factor of 228 and 3363.
57
Calculate the highest common factor of 81 and 711.
9
Calculate the greatest common divisor of 143 and 22.
11
Calculate the highest common factor of 52 and 3614.
26
What is the highest common factor of 6 and 28?
2
Calculate the greatest common divisor of 3 and 21.
3
Calculate the greatest common factor of 56 and 3458.
14
Calculate the highest common factor of 39 and 5109.
39
What is the highest common divisor of 225 and 165?
15
Calculate the greatest common divisor of 624 and 26.
26
What is the highest common divisor of 203 and 87?
29
What is the highest common divisor of 52 and 208?
52
Calculate the greatest common divisor of 192 and 54.
6
Calculate the greatest common factor of 294 and 30.
6
Calculate the greatest common factor of 480 and 6880.
160
Calculate the greatest common factor of 9246 and 552.
138
What is the greatest common factor of 86 and 731?
43
What is the greatest common divisor of 18 and 22?
2
What is the greatest common divisor of 462 and 44?
22
What is the highest common factor of 560 and 2960?
80
What is the greatest common factor of 671 and 638?
11
What is the greatest common factor of 5247 and 99?
99
Calculate the greatest common factor of 22532 and 1204.
172
What is the greatest common divisor of 98 and 518?
14
Calculate the highest common factor of 1968 and 123.
123
Calculate the highest common divisor of 152 and 741.
19
What is the highest common factor of 31 and 217?
31
Calculate the greatest common factor of 92 and 2852.
92
Calculate the greatest common divisor of 656 and 533.
41
What is the greatest common factor of 16 and 2152?
8
Calculate the greatest common divisor of 6475 and 14.
7
What is the greatest common divisor of 144 and 112?
16
What is the highest common factor of 747 and 2075?
83
Calculate the highest common divisor of 305 and 1403.
61
What is the greatest common factor of 24823 and 618?
103
What is the greatest common divisor of 242 and 88?
22
Calculate the highest common factor of 14 and 91.
7
Calculate the greatest common factor of 7 and 1022.
7
Calculate the highest common factor of 3937 and 1.
1
What is the greatest common divisor of 2 and 25?
1
Calculate the highest common divisor of 2413 and 19.
19
Calculate the greatest common factor of 1501 and 19.
19
Calculate the highest common factor of 316 and 12798.
158
What is the highest common divisor of 80 and 14?
2
Calculate the greatest common factor of 3756 and 36.
12
What is the highest common factor of 8381 and 2312?
289
What is the greatest common factor of 14706 and 9?
9
What is the highest common divisor of 330 and 91410?
330
Calculate the highest common divisor of 565 and 452.
113
What is the highest common divisor of 147 and 93?
3
Calculate the greatest common divisor of 21 and 56.
7
What is the greatest common factor of 38 and 34808?
38
Calculate the highest common factor of 28 and 20.
4
Calculate the highest common divisor of 7 and 287.
7
What is the greatest common factor of 15 and 1690?
5
What is the greatest common factor of 30 and 130?
10
What is the greatest common factor of 17534 and 44?
22
Calculate the greatest common divisor of 60 and 20560.
20
Calculate the greatest common divisor of 31 and 25451.
31
Calculate the greatest common divisor of 114 and 2964.
114
What is the highest common divisor of 4865 and 139?
139
What is the highest common factor of 2628 and 18?
18
What is the highest common divisor of 1224 and 1512?
72
What is the greatest common divisor of 172 and 4?
4
Calculate the highest common divisor of 121 and 121.
121
Calculate the highest common factor of 693 and 525.
21
What is the highest common divisor of 2460 and 60?
60
Calculate the highest common factor of 448 and 256.
64
What is the highest common factor of 650 and 416?
26
Calculate the greatest common factor of 2744 and 104.
8
Calculate the highest common divisor of 12 and 2868.
12
What is the greatest common divisor of 3038 and 186?
62
What is the highest common divisor of 1727 and 11?
11
Calculate the highest common divisor of 301 and 86.
43
Calculate the greatest common factor of 1386 and 36.
18
Calculate the highest common factor of 4 and 152.
4
Calculate the greatest common divisor of 210 and 350.
70
What is the greatest common divisor of 154 and 198?
22
Calculate the highest common divisor of 209 and 33.
11
What is the highest common factor of 4 and 4974?
2
Calculate the greatest common factor of 141 and 235.
47
What is the highest common factor of 306 and 13617?
153
What is the highest common factor of 29 and 1537?
29
Calculate the highest common divisor of 320 and 9760.
160
What is the highest common factor of 241 and 60491?
241
What is the highest common factor of 24210 and 90?
90
What is the greatest common factor of 65 and 3?
1
Calculate the greatest common factor of 50 and 3550.
50
Calculate the greatest common divisor of 1215 and 30.
15
Calculate the highest common divisor of 637 and 13.
13
Calculate the greatest common factor of 114521 and 319.
319
Calculate the greatest common divisor of 215 and 258.
43
Calculate the highest common factor of 528 and 6996.
132
What is the greatest common divisor of 11 and 176?
11
Calculate the highest common divisor of 688 and 2451.
43
Calculate the greatest common divisor of 1050 and 800.
50
Calculate the greatest common factor of 261 and 29.
29
Calculate the greatest common factor of 54 and 12.
6
What is the greatest common divisor of 7025 and 50?
25
What is the greatest common divisor of 90 and 10215?
45
What is the highest common factor of 2 and 82?
2
Calculate the highest common factor of 36450 and 6.
6
Calculate the greatest common factor of 88 and 72.
8
Calculate the greatest common divisor of 5 and 185.
5
What is the greatest common factor of 63 and 7?
7
What is the greatest common factor of 18487 and 266?
133
What is the highest common factor of 140 and 230?
10
What is the greatest common divisor of 299 and 23?
23
Calculate the greatest common divisor of 112 and 266.
14
Calculate the greatest common factor of 98 and 126.
14
Calculate the greatest common divisor of 4292 and 58.
58
Calculate the greatest common factor of 2436 and 72.
12
Calculate the greatest common divisor of 4 and 14836.
4
What is the greatest common factor of 92 and 6532?
92
What is the highest common factor of 1701 and 42?
21
What is the highest common divisor of 39 and 3029?
13
Calculate the highest common factor of 132 and 3454.
22
Calculate the greatest common divisor of 14340 and 12.
12
Calculate the greatest common divisor of 26 and 6214.
26
Calculate the greatest common divisor of 27 and 51489.
27
What is the greatest common factor of 1575 and 25?
25
What is the greatest common divisor of 848 and 128?
16
Calculate the highest common divisor of 88 and 24.
8
Calculate the highest common divisor of 20 and 530.
10
What is the highest common divisor of 399 and 84?
21
What is the highest common factor of 35399 and 13?
13
Calculate the highest common factor of 285 and 15.
15
Calculate the greatest common factor of 1098 and 1342.
122
What is the gr